2000220
In base 7, what is 5 + -4?
1
In base 13, what is 0 - -1158?
1158
In base 15, what is -dd - -9?
-d4
In base 10, what is 2 - 590?
-588
In base 16, what is -39 + -13?
-4c
In base 11, what is 3 - 3428?
-3425
In base 13, what is -5 - 18?
-20
In base 7, what is 4 - -2056?
2063
In base 6, what is -42 + 3?
-35
In base 16, what is -3 - -21?
1e
In base 12, what is 2 - -3b?
41
In base 5, what is -4 - -311?
302
In base 8, what is 27 + 2?
31
In base 2, what is 1111011 - 100?
1110111
In base 9, what is 18 - -368?
387
In base 16, what is 5 + a8?
ad
In base 14, what is -2 - 763?
-765
In base 15, what is -d2 - -4?
-cd
In base 16, what is eb - -2?
ed
In base 8, what is -5 - -1113?
1106
In base 13, what is 11b - -1?
11c
In base 4, what is -2 + -3210?
-3212
In base 14, what is -16 + d?
-7
In base 6, what is -1 + -25033?
-25034
In base 10, what is 7 - -557?
564
In base 5, what is 13 + 11103?
11121
In base 11, what is -394 + -2?
-396
In base 6, what is -5 - -31433?
31424
In base 10, what is -515 + 4?
-511
In base 16, what is -82 - 0?
-82
In base 13, what is 21 - 0?
21
In base 8, what is -40 + 14?
-24
In base 15, what is 211e - 1?
211d
In base 11, what is 247 + 7?
253
In base 2, what is -11000110 - -10?
-11000100
In base 13, what is c + 55?
64
In base 13, what is -18c - 2?
-191
In base 11, what is -191 + -3?
-194
In base 13, what is 51 - 6?
48
In base 11, what is -5 - -5100?
50a6
In base 13, what is 9a + 18?
b5
In base 13, what is -258a + 7?
-2583
In base 16, what is 3 - -27?
2a
In base 7, what is 105 - -2?
110
In base 6, what is -4310 + 2?
-4304
In base 13, what is -33 - 5?
-38
In base 12, what is 7b + -3?
78
In base 15, what is -16c - 0?
-16c
In base 10, what is 1125 - 13?
1112
In base 8, what is -12 + -157?
-171
In base 4, what is -2 - 1312?
-1320
In base 10, what is 1 - -388?
389
In base 5, what is 4131 - 1?
4130
In base 10, what is -4 + -66?
-70
In base 14, what is 20 + 3d?
5d
In base 11, what is -4 + -52?
-56
In base 15, what is -2 + aa1?
a9e
In base 6, what is -10255 + 34?
-10221
In base 10, what is -5780 - -1?
-5779
In base 15, what is 8ae + -3?
8ab
In base 15, what is 2 - -6e?
71
In base 6, what is 1 + -211?
-210
In base 13, what is -5 + 48?
43
In base 7, what is 1 + -11343?
-11342
In base 8, what is 25 - 43?
-16
In base 6, what is -2 + -114?
-120
In base 14, what is 3c57 + -4?
3c53
In base 14, what is cd3 - -3?
cd6
In base 3, what is -202 + -220011?
-220220
In base 10, what is 16 + 2?
18
In base 3, what is -111 + 100?
-11
In base 16, what is -c0 - -8?
-b8
In base 4, what is 113113 + 3?
113122
In base 11, what is 16 - -22?
38
In base 13, what is -2 + 45?
43
In base 8, what is -1 + -153?
-154
In base 10, what is -2 - 18?
-20
In base 10, what is -5 + -58?
-63
In base 3, what is -10 - -20?
10
In base 16, what is 9 - -8?
11
In base 3, what is 21 + 20?
111
In base 2, what is -10110101111 - -10?
-10110101101
In base 8, what is 5 - 133?
-126
In base 12, what is 13 + -107?
-b4
In base 4, what is -3 - -203?
200
In base 3, what is 1001210110 + 2?
1001210112
In base 14, what is -1 + -a2?
-a3
In base 14, what is 1 + 118?
119
In base 2, what is -110 + -10011100011?
-10011101001
In base 2, what is 1 + -110110?
-110101
In base 16, what is -2 + f?
d
In base 13, what is 7 + -8?
-1
In base 8, what is -1 + 3?
2
In base 10, what is 3 + -31?
-28
In base 7, what is 6060 + -3?
6054
In base 15, what is -66 - -6?
-60
In base 2, what is -10010110100 + -10?
-10010110110
In base 10, what is 0 + -16?
-16
In base 15, what is -2 - -267?
265
In base 11, what is 3a + 1?
40
In base 7, what is 2 - -315?
320
In base 4, what is 332 - -13?
1011
In base 8, what is -4 + -2112?
-2116
In base 13, what is -2768 - 0?
-2768
In base 9, what is -7 + 200?
182
In base 3, what is 12 + 11020101?
11020120
In base 5, what is 2324 - 1?
2323
In base 5, what is -40 + 223?
133
In base 10, what is 7 - 109?
-102
In base 15, what is 5 - 26?
-21
In base 11, what is -3 - -325?
322
In base 5, what is -2314 - -1?
-2313
In base 6, what is -22 - 35?
-101
In base 6, what is -104335 - 3?
-104342
In base 14, what is -13a + -3?
-13d
In base 14, what is 7 - 11b?
-114
In base 6, what is 4450 - 15?
4431
In base 6, what is 4 + 2420?
2424
In base 15, what is -15 + 4?
-11
In base 16, what is -2 - -1a1?
19f
In base 12, what is -7 - -1b0?
1a5
In base 15, what is 35d + 5?
363
In base 12, what is -743 + 0?
-743
In base 13, what is 7 - -4c1?
4c8
In base 7, what is -4005 - 4?
-4012
In base 11, what is a0 - -32?
122
In base 15, what is -95 + -4?
-99
In base 12, what is -6168 + 2?
-6166
In base 16, what is 24af + -1?
24ae
In base 15, what is 4 - 5?
-1
In base 10, what is -414 - -3?
-411
In base 4, what is -313 + -30?
-1003
In base 7, what is 4 + -634?
-630
In base 12, what is -4 - 2a?
-32
In base 10, what is -6 + -62?
-68
In base 3, what is -1010002 + 0?
-1010002
In base 13, what is 3 + -312?
-30c
In base 11, what is -704 - -3?
-701
In base 2, what is 100 - 10000001?
-1111101
In base 16, what is -2b9 + 0?
-2b9
In base 15, what is -64 + 1b7?
153
In base 12, what is -156 + -2?
-158
In base 7, what is 3 + -15402?
-15366
In base 2, what is 1001100000 - 1?
1001011111
In base 15, what is -23b - 5?
-241
In base 5, what is -3 - -231310?
231302
In base 4, what is -3 + 1030?
1021
In base 5, what is -3 + -14?
-22
In base 15, what is -1865 + 2?
-1863
In base 7, what is -5 - 43?
-51
In base 6, what is 42 + -11?
31
In base 12, what is 2 + -2ab?
-2a9
In base 4, what is 203 + -10221?
-10012
In base 12, what is -2 + -7?
-9
In base 6, what is -22 - 105?
-131
In base 4, what is -21331 - -1?
-21330
In base 10, what is 98 + -11?
87
In base 5, what is 23 + 2211?
2234
In base 10, what is 5 + 32?
37
In base 11, what is 30 - 3?
28
In base 14, what is 3374 - -1?
3375
In base 5, what is 0 + -112?
-112
In base 6, what is 141 + -45?
52
In base 16, what is -3c7 - 2?
-3c9
In base 10, what is -592 - -2?
-590
In base 15, what is -a05 - -2?
-a03
In base 16, what is 19e - 2?
19c
In base 9, what is -1 - 301?
-302
In base 2, what is -101100000 - -110011?
-100101101
In base 7, what is 5 - -6115?
6123
In base 6, what is -3 + 205?
202
In base 12, what is -4 - 2a4?
-2a8
In base 5, what is -33 + -4?
-42
In base 11, what is -1 - 5a?
-60
In base 11, what is 1 - -415?
416
In base 13, what is 1 + -346?
-345
In base 6, what is 10 + -505?
-455
In base 15, what is -42 + 12?
-30
In base 2, what is 10100 - 10100?
0
In base 10, what is 4 + -216?
-212
In base 6, what is 15503 + 0?
15503
In base 15, what is -b1 - -8?
-a8
In base 3, what is 22 - -1012?
1111
In base 10, what is -4 + 2?
-2
In base 14, what is 1c6 + 9?
1d1
In base 9, what is -6 - -154?
147
In base 16, what is -3 + -4d?
-50
In base 11, what is 0 + -211?
-211
In base 5, what is 1 + -3200?
-3144
In base 5, what is 10 + 20?
30
In base 8, what is -15 + 23?
6
In base 13, what is 21 - 6?
18
In base 13, what is -27 - -9?
-1b
In base 5, what is -1140010 - 2?
-1140012
In base 11, what is -4 + 578?
574
In base 9, what is -5 + -425?
-431
In base 10, what is -4 + -133?
-137
In base 6, what is 5 - -143?
152
In base 12, what is 1379 + -5?
1374
In base 12, what is 188 + 0?
188
In base 15, what is b + -24?
-18
In base 13, what is 17 - b6?
-9c
In base 2, what is 101 - -1010101101?
1010110010
In base 12, what is -287 - -1a?
-269
In base 5, what is -2 + 10?
3
In base 13, what is 91 - 2?
8c
In base 9, what is 652 + 3?
655
In base 13, what is 29a + -18?
282
In base 5, what is -10 - -222?
212
In base 4, what is 1310 - 11?
1233
In base 11, what is 0 + 22?
22
In base 8, what is -21741 - -3?
-21736
In base 6, what is 3202 - -1?
3203
In base 13, what is -2 + -19?
-1b
In base 6, what is -5 + -11?
-20
In base 9, what is 0 - 1202?
-1202
In base 5, what is 340 - -11?
401
In base 15, what is -5 - -62?
5c
In base 5, what is -1 + 1?
0
In base 4, what is 33330 - -11?
100001
In base 11, what is 1 + 6296?
6297
In base 7, what is 1 + -4403?
-4402
In base 8, what is -1200 - 3?
-1203
In base 5, what is 1142 - 100?
1042
In base 15, what is 9 + 6?
10
In base 6, what is -21 + 151?
130
In base 13, what is -5 + -30b?
-313
In base 9, what is 56 - -13?
70
In base 6, what is -33 - -22?
-11
In base 7, what is 54 - 152?
-65
In base 10, what is -5 - 4088?
-4093
In base 15, what is 12c + -5?
127
In base 15, what is 108 - 12?
e6
In base 9, what is -108 - -86?
-12
In ba